{"id":1793,"date":"2019-08-28T05:21:08","date_gmt":"2019-08-28T05:21:08","guid":{"rendered":"https:\/\/www.sitioweb.kuchen.cl\/?page_id=1793"},"modified":"2021-05-17T16:52:19","modified_gmt":"2021-05-17T20:52:19","slug":"nosotros","status":"publish","type":"page","link":"https:\/\/retsolar.cl\/?page_id=1793","title":{"rendered":"Nosotros"},"content":{"rendered":"\t\t<div data-elementor-type=\"wp-post\" data-elementor-id=\"1793\" class=\"elementor elementor-1793\">\n\t\t\t\t\t\t<section class=\"elementor-section elementor-top-section elementor-element elementor-element-h7lkucv elementor-section-boxed elementor-section-height-default elementor-section-height-default elementor-invisible\" data-id=\"h7lkucv\" data-element_type=\"section\" data-settings=\"{&quot;animation&quot;:&quot;fadeInDown&quot;}\">\n\t\t\t\t\t\t<div class=\"elementor-container elementor-column-gap-default\">\n\t\t\t\t\t<div class=\"elementor-column elementor-col-50 elementor-top-column elementor-element elementor-element-te0vfxj\" data-id=\"te0vfxj\" data-element_type=\"column\">\n\t\t\t<div class=\"elementor-widget-wrap elementor-element-populated\">\n\t\t\t\t\t\t<div class=\"elementor-element elementor-element-8344c7b elementor-widget elementor-widget-image\" data-id=\"8344c7b\" data-element_type=\"widget\" data-widget_type=\"image.default\">\n\t\t\t\t<div class=\"elementor-widget-container\">\n\t\t\t\t\t\t\t\t\t\t\t\t\t\t\t<img fetchpriority=\"high\" decoding=\"async\" width=\"920\" height=\"538\" src=\"https:\/\/retsolar.cl\/wp-content\/uploads\/2021\/05\/imagen-02.jpg\" class=\"elementor-animation-pulse-shrink attachment-large size-large wp-image-1922\" alt=\"\" srcset=\"https:\/\/retsolar.cl\/wp-content\/uploads\/2021\/05\/imagen-02.jpg 920w, https:\/\/retsolar.cl\/wp-content\/uploads\/2021\/05\/imagen-02-300x175.jpg 300w, https:\/\/retsolar.cl\/wp-content\/uploads\/2021\/05\/imagen-02-768x449.jpg 768w, https:\/\/retsolar.cl\/wp-content\/uploads\/2021\/05\/imagen-02-504x295.jpg 504w\" sizes=\"(max-width: 920px) 100vw, 920px\" \/>\t\t\t\t\t\t\t\t\t\t\t\t\t\t\t<\/div>\n\t\t\t\t<\/div>\n\t\t\t\t<div class=\"elementor-element elementor-element-hlsfe4q elementor-widget elementor-widget-spacer\" data-id=\"hlsfe4q\" data-element_type=\"widget\" data-widget_type=\"spacer.default\">\n\t\t\t\t<div class=\"elementor-widget-container\">\n\t\t\t\t\t\t\t<div class=\"elementor-spacer\">\n\t\t\t<div class=\"elementor-spacer-inner\"><\/div>\n\t\t<\/div>\n\t\t\t\t\t\t<\/div>\n\t\t\t\t<\/div>\n\t\t\t\t\t<\/div>\n\t\t<\/div>\n\t\t\t\t<div class=\"elementor-column elementor-col-50 elementor-top-column elementor-element elementor-element-13d9ngd\" data-id=\"13d9ngd\" data-element_type=\"column\">\n\t\t\t<div class=\"elementor-widget-wrap elementor-element-populated\">\n\t\t\t\t\t\t<div class=\"elementor-element elementor-element-29ddc85 elementor-widget elementor-widget-text-editor\" data-id=\"29ddc85\" data-element_type=\"widget\" data-widget_type=\"text-editor.default\">\n\t\t\t\t<div class=\"elementor-widget-container\">\n\t\t\t\t\t\t\t\t\t<p><strong>RETSOLAR<\/strong> es una empresa dedicada a la venta e instalaci\u00f3n de equipos de energ\u00edas renovables, principalmente a la Energ\u00eda Solar T\u00e9rmica y Fotovoltaica. Nuestros servicios est\u00e1n enfocados en otorgar una soluci\u00f3n sustentable y ecol\u00f3gica a la crisis energ\u00e9tica que afecta a nuestro pa\u00eds en la actualidad.<\/p><p><br \/>Apoyados en los m\u00e1s eficientes equipos de energ\u00edas renovables, buscamos entregar a nuestros clientes y consumidores un servicio \u00f3ptimo, acorde a sus necesidades y requerimientos. Privilegiando la calidad y durabilidad de nuestras instalaciones y otorgando servicios de mantenci\u00f3n y asesoramiento en el uso de los sistemas y cuidado de los equipos.<\/p><p><br \/><strong>RETSOLAR<\/strong> tiene como visi\u00f3n posicionarse como una empresa l\u00edder y confiable en el \u00e1rea de las energ\u00edas renovables, entregando excelencia en servicios y productos de alto nivel. <br \/>Siempre encontrara en nuestra empresa una orientaci\u00f3n profesional que lo ayudara a elegir la soluci\u00f3n t\u00e9cnica y econ\u00f3mica m\u00e1s apropiada a sus necesidades de energ\u00eda.<\/p><p><br \/><strong>Nuestros Servicios:<\/strong><\/p><ul><li>Venta y distribuci\u00f3n de equipos de energ\u00eda Renovable.<\/li><li>Instalaciones Solares Fotovoltaicas.<\/li><li>Instalaciones Solares T\u00e9rmicas.<\/li><li>Instalaciones El\u00e9ctricas Domiciliarias.<\/li><li>Mantenci\u00f3n de instalaciones T\u00e9rmicas y Fotovoltaicas.<\/li><li>Obras de ingenier\u00eda <\/li><\/ul>\t\t\t\t\t\t\t\t<\/div>\n\t\t\t\t<\/div>\n\t\t\t\t\t<\/div>\n\t\t<\/div>\n\t\t\t\t\t<\/div>\n\t\t<\/section>\n\t\t\t\t<\/div>\n\t\t","protected":false},"excerpt":{"rendered":"<p>RETSOLAR es una empresa dedicada a la venta e instalaci\u00f3n de equipos de energ\u00edas renovables, principalmente a la Energ\u00eda Solar T\u00e9rmica y Fotovoltaica. Nuestros servicios est\u00e1n enfocados en otorgar una soluci\u00f3n sustentable y ecol\u00f3gica a la crisis energ\u00e9tica que afecta a nuestro pa\u00eds en la actualidad. Apoyados en los m\u00e1s eficientes equipos de energ\u00edas renovables, [&hellip;]<\/p>\n","protected":false},"author":1,"featured_media":0,"parent":0,"menu_order":15,"comment_status":"closed","ping_status":"closed","template":"elementor_header_footer","meta":{"ocean_post_layout":"","ocean_both_sidebars_style":"","ocean_both_sidebars_content_width":0,"ocean_both_sidebars_sidebars_width":0,"ocean_sidebar":"0","ocean_second_sidebar":"0","ocean_disable_margins":"enable","ocean_add_body_class":"","ocean_shortcode_before_top_bar":"","ocean_shortcode_after_top_bar":"","ocean_shortcode_before_header":"","ocean_shortcode_after_header":"","ocean_has_shortcode":"","ocean_shortcode_after_title":"","ocean_shortcode_before_footer_widgets":"","ocean_shortcode_after_footer_widgets":"","ocean_shortcode_before_footer_bottom":"","ocean_shortcode_after_footer_bottom":"","ocean_display_top_bar":"default","ocean_display_header":"default","ocean_header_style":"","ocean_center_header_left_menu":"0","ocean_custom_header_template":"0","ocean_custom_logo":0,"ocean_custom_retina_logo":0,"ocean_custom_logo_max_width":0,"ocean_custom_logo_tablet_max_width":0,"ocean_custom_logo_mobile_max_width":0,"ocean_custom_logo_max_height":0,"ocean_custom_logo_tablet_max_height":0,"ocean_custom_logo_mobile_max_height":0,"ocean_header_custom_menu":"0","ocean_menu_typo_font_family":"0","ocean_menu_typo_font_subset":"","ocean_menu_typo_font_size":0,"ocean_menu_typo_font_size_tablet":0,"ocean_menu_typo_font_size_mobile":0,"ocean_menu_typo_font_size_unit":"px","ocean_menu_typo_font_weight":"","ocean_menu_typo_font_weight_tablet":"","ocean_menu_typo_font_weight_mobile":"","ocean_menu_typo_transform":"","ocean_menu_typo_transform_tablet":"","ocean_menu_typo_transform_mobile":"","ocean_menu_typo_line_height":0,"ocean_menu_typo_line_height_tablet":0,"ocean_menu_typo_line_height_mobile":0,"ocean_menu_typo_line_height_unit":"","ocean_menu_typo_spacing":0,"ocean_menu_typo_spacing_tablet":0,"ocean_menu_typo_spacing_mobile":0,"ocean_menu_typo_spacing_unit":"","ocean_menu_link_color":"","ocean_menu_link_color_hover":"","ocean_menu_link_color_active":"","ocean_menu_link_background":"","ocean_menu_link_hover_background":"","ocean_menu_link_active_background":"","ocean_menu_social_links_bg":"","ocean_menu_social_hover_links_bg":"","ocean_menu_social_links_color":"","ocean_menu_social_hover_links_color":"","ocean_disable_title":"default","ocean_disable_heading":"default","ocean_post_title":"","ocean_post_subheading":"","ocean_post_title_style":"","ocean_post_title_background_color":"","ocean_post_title_background":0,"ocean_post_title_bg_image_position":"","ocean_post_title_bg_image_attachment":"","ocean_post_title_bg_image_repeat":"","ocean_post_title_bg_image_size":"","ocean_post_title_height":0,"ocean_post_title_bg_overlay":0.5,"ocean_post_title_bg_overlay_color":"","ocean_disable_breadcrumbs":"default","ocean_breadcrumbs_color":"","ocean_breadcrumbs_separator_color":"","ocean_breadcrumbs_links_color":"","ocean_breadcrumbs_links_hover_color":"","ocean_display_footer_widgets":"default","ocean_display_footer_bottom":"default","ocean_custom_footer_template":"0","_joinchat":[],"footnotes":""},"class_list":["post-1793","page","type-page","status-publish","hentry","entry","owp-thumbs-layout-horizontal","owp-btn-normal","owp-tabs-layout-horizontal","has-no-thumbnails","has-product-nav"],"aioseo_notices":[],"_links":{"self":[{"href":"https:\/\/retsolar.cl\/index.php?rest_route=\/wp\/v2\/pages\/1793","targetHints":{"allow":["GET"]}}],"collection":[{"href":"https:\/\/retsolar.cl\/index.php?rest_route=\/wp\/v2\/pages"}],"about":[{"href":"https:\/\/retsolar.cl\/index.php?rest_route=\/wp\/v2\/types\/page"}],"author":[{"embeddable":true,"href":"https:\/\/retsolar.cl\/index.php?rest_route=\/wp\/v2\/users\/1"}],"replies":[{"embeddable":true,"href":"https:\/\/retsolar.cl\/index.php?rest_route=%2Fwp%2Fv2%2Fcomments&post=1793"}],"version-history":[{"count":10,"href":"https:\/\/retsolar.cl\/index.php?rest_route=\/wp\/v2\/pages\/1793\/revisions"}],"predecessor-version":[{"id":1925,"href":"https:\/\/retsolar.cl\/index.php?rest_route=\/wp\/v2\/pages\/1793\/revisions\/1925"}],"wp:attachment":[{"href":"https:\/\/retsolar.cl\/index.php?rest_route=%2Fwp%2Fv2%2Fmedia&parent=1793"}],"curies":[{"name":"wp","href":"https:\/\/api.w.org\/{rel}","templated":true}]}}